e
Suppose -3*k + 14 = -2*b, -2*b + 0*b = 2*k + 4. Suppose -k*o = o - 69. Is o a prime number?
True
Let a = 10 - 7. Suppose 16 = -3*c + 7*c. Suppose c*y - a*y - 15 = 0. Is y composite?
True
Suppose 6*h = -44 + 1886. Is h composite?
False
Let d(w) = w**2 + 2*w - 3. Let q be d(2). Suppose q*k + 0*s = 2*s + 19, -5*k + 13 = s. Suppose -40 = -k*r - r. Is r composite?
True
Suppose 3*n + 0 = 6. Suppose -n*o + 4 = -2. Suppose -5*a + 167 = o*k - k, 5*k + 3*a = 446. Is k composite?
True
Let x = -3978 - -9035. Is x prime?
False
Let q be 50 + (-1*4 - -2). Suppose -5*o + 102 + q = 0. Suppose -2*d - 10 = -v - 0*v, 4*v - o = 3*d. Is v a composite number?
True
Let f = 86 - -563. Is f a prime number?
False
Let a = 26 - -95. Is a a prime number?
False
Let r be (-4)/10 + (-51)/(-15). Let o be (327*1)/r - 2. Let q = o + -42. Is q a prime number?
False
Let b(y) = -y**3 - 5*y**2. Let q be b(-5). Suppose -d + 2*c + 39 = 0, -3*d + 2*d + 4*c + 45 = q. Is d a composite number?
True
Let p(t) = -t**2 - 5*t - 6. Let b be p(-5). Is (b/(-3))/(2/3) prime?
True
Let k(w) = -95*w + 1. Let b be k(-5). Suppose b = 4*v - 0*v. Is v prime?
False
Suppose -5*t - 4*y + 60 = 0, 2*t - 10 + 4 = 2*y. Let c(j) = t*j - 1 - 4 - 6 + 2. Is c(11) a prime number?
True
Let j = -224 + 456. Let c be -2 + (j + 2)/3. Suppose -3*n - c = -o, -2*o - n = 4*n - 163. Is o a composite number?
False
Let u = 11 - 8. Let v be (-2)/1 - (-6)/u. Suppose 0 = -v*h + h - 26. Is h composite?
True
Let m(x) = -127*x - 1. Is m(-2) a composite number?
True
Let p(t) = 5*t**2 - 2*t - 2. Let l be p(2). Let m = l - 0. Is m a composite number?
True
Suppose 5*w - s - 29 = 0, 24 = 4*w - s - 0. Let y = w + -2. Suppose -2*p - y*p = -5*a - 250, -56 = -p + 3*a. Is p prime?
True
Suppose 2*g + 0*g = -30. Let j = -9 - g. Is j composite?
True
Suppose 3*f - 5*f = -758. Is f a prime number?
True
Suppose 0 = 16*m - 11*m + 15. Let a(t) = 16*t**2 + 2*t + 4. Is a(m) a composite number?
True
Let p(i) = i**3 - 5*i**2 + 2*i + 4. Let l be p(5). Let q = 7 + l. Let y = 36 - q. Is y composite?
True
Let z = -2049 + 4006. Suppose z = 4*d + 5*w, 0 = d + 2*w - 51 - 436. Is d a composite number?
True
Suppose 0 = -0*h + 3*h - 21. Is h composite?
False
Let z = -2 - -6. Suppose -z*m + 62 + 22 = 0. Is m a prime number?
False
Let p(c) = 3*c - 4. Let v be p(3). Suppose -v = 4*m - 25, -2*s = -3*m + 7. Is 4/16 - (-87)/s a prime number?
False
Let t be (-1)/(-2) + (-868)/(-8). Suppose -4*p + 454 = -2*s, -p + 2*s + t = -0*p. Is p composite?
True
Let h = -121 - -213. Suppose r + 2*r = -2*l + h, 5*l - 3*r - 230 = 0. Is l prime?
False
Suppose -8 + 150 = n + 5*u, -2*n = 4*u - 290. Let x = -64 + n. Is x prime?
True
Let k be (-6)/(-21) - (-12)/7. Let h be 4*1*1/k. Suppose 0 = 2*o + h*o - 148. Is o a prime number?
True
Suppose 2*l - 2 = 0, -2*k - 23 = -4*k - 3*l. Let f be 1*-2 + (20 - 5). Let g = k + f. Is g composite?
False
Let c = 349 - 190. Is c prime?
False
Is (9/(-36))/(2/(-1592)) composite?
False
Suppose 0 = i + 5*x - 28, 5*i - x - 10 = -0*x. Suppose -5*c - 213 = -q - 3*c, 0 = i*q - 5*c - 641. Suppose 0 = 3*u - 5*v - q, 0*u - v = u - 83. Is u prime?
True
Let g(x) = -2*x**3 - 7*x**2 + x + 3. Let s be g(-5). Suppose 74 = f - 0*f. Suppose -s = -3*t + f. Is t composite?
True
Let f = -205 + 2004. Is f composite?
True
Suppose -s - s = -1126. Is s composite?
False
Let g(h) = 3*h**2 - 4*h - 6. Is g(5) composite?
True
Suppose 10*r - 6*r = 0. Suppose x + 3*x - 208 = r. Let o = x - -107. Is o prime?
False
Let w(p) be the second derivative of -11*p**4/12 + p**3/3 + 3*p**2/2 + p. Let o be w(-3). Let g = -49 - o. Is g prime?
True
Let s = 1804 + -1243. Suppose 4*q - s = q. Is q a composite number?
True
Suppose 0 = -2*o + 2, -o = i - 2*o - 2962. Is i a composite number?
False
Let c(j) = j**2 + 3*j - 3. Let o be c(5). Let v be 6/(-15) - (-696)/15. Let a = v + o. Is a a composite number?
False
Suppose -2*k - 614 = 4*u - 2124, 12 = -3*u. Is k a composite number?
True
Let l = 3995 + -1768. Suppose -l + 403 = -4*a. Suppose 4*r - 324 = 4*q, -4*r - 136 = -5*q - a. Is r prime?
False
Let p(q) = q**2 + 5*q + 4. Let v be p(-5). Suppose v*n + 16 = -2*s, 4*n + 16 = -0*n. Suppose s*c = 4*c - 148. Is c a prime number?
True
Suppose 4*m = -2*v + 16, 5*v - 10 = 3*m + 17. Suppose w + 4*t = 7, -v*w + 2*w + t = -28. Is w prime?
True
Let u(m) = -m**2 + 7*m. Let h be u(6). Let f(g) = 2*g**2 - 2*g - 7. Is f(h) composite?
False
Let t(m) = -m + 11. Suppose 0*n = 2*n + 100. Let o be (-3)/(-9) + n/6. Is t(o) a composite number?
False
Suppose 128 + 587 = 5*i. Is i a composite number?
True
Suppose -1656 = -2*i - 22. Is i prime?
False
Suppose -k - 3*k - 36 = 0. Let b = k + 19. Let n(y) = 2*y - 6. Is n(b) composite?
True
Suppose 4*k - 10 = 18. Suppose 4*t - 83 + k = 0. Is t a prime number?
True
Let x = 5419 - 1154. Is x composite?
True
Let n(g) be the third derivative of 1/120*g**6 - 1/2*g**3 - 3*g**2 + 0*g - 1/30*g**5 + 1/24*g**4 + 0. Is n(4) a composite number?
True
Let y(s) = -s**3 + 5*s**2 + s - 5. Let o be y(5). Let c be 20/6*(-15 - -21). Suppose -5 = 3*n - c, -t - 4*n + 55 = o. Is t composite?
True
Let r(l) = l**3 - 4*l**2 + 2. Let x be r(4). Is 2 + -1 + x - -19 prime?
False
Let b = -106 + 744. Suppose -2*m = 2*w + 2*w - b, 3*w = m + 466. Is w a composite number?
False
Let i(n) = 2*n**2 + 7*n - 7. Is i(10) composite?
False
Suppose 3*k + 12295 = 8*k. Is k a composite number?
False
Let k = -84 - -491. Is k a prime number?
False
Suppose -3*u + 5*k + 11 = 0, -5*k - 3 = 2. Let r(a) = 1 + 3*a + 0*a - u + 5. Is r(5) composite?
False
Let v(y) = 3*y**3 - 7*y**2 + y - 6. Let i be v(8). Suppose 6*x - x = i. Let c = x + -7. Is c a prime number?
True
Let j(p) = -50*p**3 + 2*p**2 + p. Let l be j(-1). Suppose 2*d = 6, 3*d - l = -2*i - 0*i. Is i a prime number?
False
Let h(o) = 3*o**2 - o + 3. Let f(n) = 3*n**3 - n**2 - n - 1. Let v be f(-1). Is h(v) a prime number?
False
Suppose 3*m + 3*v - 195 = -v, -4*m = 5*v - 260. Is m composite?
True
Is 5*((-3)/(-1) - -304) composite?
True
Let s(z) be the second derivative of 9*z**5/10 + z**2/2 + 6*z. Is s(1) a prime number?
True
Let i = -11 - -6. Let g = i - -3. Is ((2 - 2) + -1)*g prime?
True
Let i(t) = 35*t**2 + 4*t - 3. Is i(-4) a prime number?
True
Let b = 718 + -411. Is b a prime number?
True
Let m be -24*5/(5/(-3)). Let h = -49 + m. Is h a composite number?
False
Let j(p) = 26*p + 4. Let i be j(6). Let s = i + -33. Is s a composite number?
False
Let c = 2449 + -1012. Is c a composite number?
True
Let z = -4 + -73. Let k = 91 - 133. Let c = k - z. Is c composite?
True
Let i(t) = t**3 + t**2 - 1. Let x(a) = 5*a**3 + 10*a**2 + 8*a - 14. Let r(u) = 4*i(u) - x(u). Is r(-7) a prime number?
False
Suppose 0 = 4*f + d - 5*d + 8, 4*f - 22 = -2*d. Suppose f*s - 48 - 183 = 0. Is s composite?
True
Let d(m) = m**3 + 4*m**2 - 2*m - 1. Suppose 3*f + 3 = 9. Is d(f) prime?
True
Is (-4)/6 - (-671)/3 a composite number?
False
Let b(t) = -90*t**3 + 2*t**2 + 2*t + 1. Let w(c) = -c**3 - 7*c**2 - 1. Let i be w(-7). Is b(i) composite?
True
Let s be 13*(0 + 2)/2. Suppose 0 = y - s - 0. Is y composite?
False
Let i(w) = -w**3 + w**2 - 2*w - 3*w**3 + 3*w. Let r be i(-3). Suppose 0*o = -2*o + r. Is o a prime number?
False
Suppose -2*k - 3 = -5. Let s be k + 246 + 0 + 2. Is 1 + s/3 - -1 a prime number?
False
Let v = -7 - -7. Suppose v = -4*m + 214 - 34. Suppose t - 2*t = 2*l - 12, -5*l - m = -5*t. Is t prime?
False
Let w = -250 - -99. Let p(y) = 30*y + 18. Let x be p(7). Let f = w + x. Is f a prime number?
False
Let a(l) = l**3 - 4*l**2 - 5*l + 1. Let o be a(5). Let x be 2/(-8) + o/4. Suppose s = 3*k + 10, -k + x*k = -2*s + 15. Is s a composite number?
False
Suppose 0 = -5*l + 2*f - 498, 0 = 3*l - 7*l - 2*f - 402. Let o = l - -197. Is o prime?
True
Let m be 22/12 + (-1)/(-6). Suppose -13 = m*v - 35. Is v prime?
True
Let z(l) = 88*l - 17. Let g(r) = -29*r + 6. Let d(b) = 11*g(b) + 4*z(b). Is d(11) a prime number?
False
Let z(n) = 679*n**2. Is z(-1) a prime number?
False
Suppose 0 = -2*w + 3*m + 44, -m = 2*w + 2*m - 20. Suppose 0 = -z + 5*z - w. Suppose z*t - 2*i = -t + 343, 5*t - 5*i - 355 = 0. Is t composite?
False
Let t(x) = -185*x**3 - x**2 + x + 1. Let r be t(-1). Is -2 + -3 + (r - 2) a composite number?
True
Is (4 - 8)*(-199)/4 a composite number?
False
Suppose 4*h - 320 = -4*j, -5*j - 2*h + 391 = -